 56. Let p = 5552 - 5564. Calculate f(p).
8
Let f(l) = 5*l + 7. Let o(c) = -31*c - 69. Let x(h) = 10*h + 23. Let a(p) = 6*o(p) + 17*x(p). Let v(m) = -2*a(m) - 7*f(m). Calculate v(-4).
9
Let o(j) = -j + 3. Let n be 21*(26/(-6) + 1). Suppose -113*h + 119*h - 345 = 45. Let x = n + h. What is o(x)?
8
Let j(d) = -39*d**2 - d - 2. Let w be j(-1). Let o = 50 + w. Suppose 6*t = -o - 20. Let a(u) = -2*u + 4. Give a(t).
14
Let z(a) = -977 + 493 - a**2 - 2*a + 492. Suppose -7*j + 22*j + 60 = 0. Determine z(j).
0
Suppose -j + 0*j + 4 = 0. Let m be 8 - -1 - (0 - 1). Suppose 0 = j*i + i - m. Let d(x) = -2*x**3 + 3*x**2 - 2*x. Calculate d(i).
-8
Suppose 0 = 15*f - 445 - 395. Let m(k) = f*k - 91*k + 34*k - k**3 + 5 + 7*k**2. Calculate m(7).
-2
Let m = 670 + -424. Let w = m - 250. Let i(u) = u**3 + 3*u**2 + 2*u + 5. What is i(w)?
-19
Suppose -49*a + 1038 - 1368 = -19*a. Let f(b) = -5*b - 50. Calculate f(a).
5
Let o(g) = 2225 - 1119 - 1118 - 12*g. Calculate o(-7).
72
Suppose -13*b + 8 = -18*b + 2*h, 3*b - 5*h = 18. Let r(v) = -v**2 + 7*v + 6. What is r(b)?
-38
Let c(f) = -4*f + 64. Let o be c(-12). Let d = o + -110. Let k(y) = 0*y - 2*y**d - 4*y + 0*y - 1 + y. Give k(-2).
-3
Let y(k) = -2*k**2 + 11*k + 6. Suppose 4*h + p = 5 + 16, 4*p - 4 = 0. Determine y(h).
11
Let g(q) be the second derivative of -13*q**2 - 40*q + 1 + 5/6*q**3. Calculate g(6).
4
Let k = 11621 - 11618. Let n(p) be the third derivative of 0*p + 0 - 1/60*p**5 + 3*p**2 + 1/24*p**4 + 1/3*p**3. Give n(k).
-4
Let c(f) = 3*f - 27. Suppose -15*k + 42*k - 270 = 0. Determine c(k).
3
Let b(m) be the second derivative of -m**4/6 + 41*m**3/6 + 13*m**2 - 2490*m. Calculate b(21).
5
Let k(r) = r - 7. Let z(i) be the third derivative of i**6/120 - 5*i**5/12 - i**4 - 23*i**3/3 - 4*i**2 - 6*i. Let n be z(26). What is k(n)?
-1
Let q = -18418 - -18424. Let l(b) = -b**3 + 3*b**2 + 11*b + 40. What is l(q)?
-2
Let v(j) = -j**3 - 57*j**2 + 104*j + 29. Let g(l) = 2*l**3 + 115*l**2 - 207*l - 51. Let s(d) = -5*g(d) - 11*v(d). What is s(-54)?
-10
Let x(l) be the first derivative of l**3/3 - 5*l**2/2 + 5*l - 1. Let z be (3 + -4)/((-2)/14). Suppose 3*m + 29 = 4*h, 0 = h + z*m - 3*m + 7. Determine x(h).
5
Let t(w) be the third derivative of w**6/120 + 3*w**5/20 + w**4/4 + 5*w**3/6 + 1764*w**2. Calculate t(-9).
-49
Let g(l) be the third derivative of 11*l**5/60 - 31*l**4/24 - l**3/6 + 2*l**2 + 14*l + 6. Determine g(3).
5
Let i(l) = -2*l**3 - 14*l**2 - 11*l. Let s = 6373 - 6379. Determine i(s).
-6
Let r(k) = 14*k**3. Suppose -2 = h, 4*i - h + 2*h = 134. Let a be (-133)/4 + (-5)/(-20)*1. Let d = a + i. What is r(d)?
14
Let t(q) = 13*q - 28. Let n(w) = -7*w + 14. Let d(x) = 11*n(x) + 6*t(x). Suppose -19*h = -3*h + 3504. Let p = -219 - h. Calculate d(p).
-14
Let a be ((-156)/(-48))/(18/72). Let b(l) = -l**2 + 13*l - 18. What is b(a)?
-18
Let k(c) = -c**3 + 10*c**2 + 12*c - 62. Let x be k(10). Suppose -106*i = -135*i - x. Let g(t) = 11*t**2 + 2*t + 1. Give g(i).
41
Let r(s) = -s + 2. Let z be r(0). Let x(d) = 0*d - d**2 + z - 2*d + 5*d. Suppose 31*a - 36 - 79 = 40. Calculate x(a).
-8
Let n(l) be the second derivative of -8*l**3/3 - 162*l**2 - 736*l + 1. Calculate n(-20).
-4
Let i(w) be the first derivative of -1 + 1/3*w**3 + 7/2*w**2 - 11*w. Let h(r) = -r**3 - 33*r**2 - 213*r + 18. Let o be h(-9). Calculate i(o).
7
Let y be 1*(-7)/5 + (-8)/(-20). Let q(v) = -v**2 + 10*v - 7. Let d be q(9). Let f(u) = 3*u - 3*u + 3 - 4*u - d. Calculate f(y).
5
Let i(m) = -m - 1. Let t be (-1)/((-24)/(-25) - 1). Suppose -10*z - 34*z - 184 + 844 = 0. Suppose 5*s - z = 0, t = -4*h + s - 10. What is i(h)?
7
Let o(s) = -236*s + 12979. Let i be o(55). Let v(u) = 1 + 0*u + 2*u - 14*u**3 + u**3. Calculate v(i).
12
Let m(z) = -81*z**2 + 9 - 90*z**2 + 265*z**2 - 95*z**2 + 21*z. Determine m(18).
63
Suppose 2*n = 4*h - 12, -5*h + 9 = -3*n - 8*h. Let o(f) = -5*f**2 - 7*f. Let p(x) = -6*x**2 - 8*x. Let i(q) = n*o(q) + 3*p(q). What is i(-3)?
6
Let l(w) be the first derivative of -w**5/120 + 5*w**4/24 - 2*w**3/3 - 3*w - 57. Let s(y) be the third derivative of l(y). Give s(8).
-3
Let i(r) = -31*r + 97. Let v(t) = 322*t - 973. Let k(s) = 21*i(s) + 2*v(s). Calculate k(12).
7
Let w(p) = -p**3 + p**2 + 2*p + 3. Suppose 55*u = 42*u + 3484. Let r = u + -270. Give w(r).
11
Let t(c) = 11*c + 350. Suppose -2062*d + 1868*d - 5820 = 0. What is t(d)?
20
Let z(a) = -2*a**3 + a**2 - 2*a - 1. Let o(h) = -h**3 - h**2 + 6*h + 6. Let l be o(-1). Suppose l = -p + 25 - 23. Determine z(p).
-17
Suppose -5*u - 4*h + 1 = 0, 3*u + 11*h + 13 = 12*h. Let o(j) = j**3 + 2*j**2 + 2. Give o(u).
-7
Let v(h) be the third derivative of 1/3*h**3 + 6*h**2 - 7/60*h**5 + 0*h + 5/24*h**4 - 11 + 1/120*h**6. Give v(6).
-4
Let i(v) = -1095*v - 10*v**2 + 1087*v + 9*v**2. What is i(-7)?
7
Let w(t) = 3*t**3 - 8*t**2 + 13*t + 18. Let g(a) be the first derivative of -a**4 + 8*a**3/3 - 9*a**2 - 19*a - 245. Let l(c) = 2*g(c) + 3*w(c). What is l(7)?
-12
Let m(s) be the first derivative of -14*s**3/3 - 98*s**2 - 8*s + 8224. Determine m(-14).
-8
Suppose -36*y + 19*y + 632 = 141*y. Let s(w) be the first derivative of 2*w**2 - 2*w - 1. Determine s(y).
14
Suppose 0 = -65*t + 69*t + 3*o - 15, 0 = t + 3*o - 15. Let x(m) = m**2 + 59 + m**2 - m**2 - 52. What is x(t)?
7
Suppose 3*s - 15 = -5*c, -18 = -c - 5*s + 7. Suppose w + 4 = 3*w. Let h(j) = -j - 1 + j - j**w - 3*j + c. Give h(-3).
-1
Let a(f) be the third derivative of -f**4/12 - f**3/3 + 29*f**2 - 3*f + 6. Let i(m) = 3*m - 1. Let k = 0 - -1. Let n be i(k). What is a(n)?
-6
Suppose 12 = w - 12. Let x be ((-9)/(-4))/(9/w). Let y(b) be the second derivative of b**4/12 - 4*b**3/3 + b**2 - 9*b - 5. Give y(x).
-10
Let x(i) = -862 + 7*i + 4*i**2 + 10*i**3 - 2*i**3 + 866. Determine x(-2).
-58
Let m = 839 - 833. Let i(t) = 3*t**2 - 1 - 11*t + 2 - 4*t**2 + 2*t**2. Calculate i(m).
-29
Let p(f) = 46*f + 831. Let c be p(-18). Let q(k) = -3*k**3 + 3*k**2 - 2*k + 2. What is q(c)?
-58
Let y(j) = -j**3 + 7*j**2 - 9*j - 2. Let x = -13100 + 13105. What is y(x)?
3
Let c = 501 + -486. Suppose 120 = c*o - 0. Let d(l) = 2*l - 7. Let n(m) = -m + 4. Let j(v) = 3*d(v) + 5*n(v). Give j(o).
7
Let z(k) be the third derivative of -k**7/1260 + k**5/120 + k**4/8 + 11*k**3/6 + 2*k**2 - 22. Let l(h) be the second derivative of z(h). Give l(3).
-17
Let c(l) = -7*l**3 - 5*l**2 + 6*l - 65. Let a(j) = 11*j**3 + 7*j**2 - 9*j + 104. Let p(z) = -5*a(z) - 8*c(z). Determine p(-6).
-18
Let j(s) = -s**2 + 93709312*s - 93709312*s. Suppose 2*v = 2*g, 0 = -v - 2*v - 6. Determine j(g).
-4
Let p(r) be the first derivative of -3*r**2/2 + 17*r - 645. What is p(7)?
-4
Suppose 4*w - 21 = -3*m, 1 = 4*m - 5*m. Suppose 0 = -635*c + 661*c - 52. Let z(v) = 6*v**c - v - v**2 - w*v**2. Give z(-2).
-2
Let r be (-8)/(4 + (-126)/33). Let m = -49 - r. Let g(b) = 4*b + 7. Determine g(m).
-13
Let u(s) be the third derivative of s**6/60 - s**5/20 + s**4/6 - s**3/2 + 64*s**2. Suppose -8*t + 16 = -4*t. Suppose 3*z + t = 10. Determine u(z).
9
Let n(g) = -5*g**3 + 2*g**3 - 2*g + 3*g**2 - 7 + 16 - 6. Let s(b) = b**3 + b**2 - b. Let a = -61 - -62. Let f(v) = a*n(v) + 2*s(v). What is f(2)?
7
Let z(s) = 83*s**3 + 1660*s**2 - 5*s - 95. Let v be z(-20). Let j(r) be the third derivative of -2*r**2 + 0 + 0*r - 1/6*r**3 - 1/12*r**4. Calculate j(v).
-11
Let j(a) = a + 3. Let c(h) be the third derivative of -h**6/120 + 13*h**4/24 - h**3/3 + 102*h**2. Let o be c(3). Calculate j(o).
13
Let d(r) = r**2 + 15*r - 432. Let f be d(-30). Let l(b) = -b**2 + 19*b - 7. What is l(f)?
11
Let j(p) = 3*p - 626 + 1885 - 602 - p**2 - 620. What is j(7)?
9
Let o(z) be the first derivative of -3*z**2/2 + 9*z + 1977. Calculate o(-10).
39
Let h(n) = n + 15. Let y(i) = 196*i - 597. Let t be y(3). Give h(t).
6
Let d(w) = -3 - 1 - 12*w + 8*w - 2*w + w**2 + 2. Calculate d(8).
14
Let c(h) be the second derivative of -h**4/6 - 10*h**3/3 + 13*h**2/2 - 3052*h. Give c(-11).
-9
Let m(p) = 1 - 3 - 5*p - 62*p**2 + p + 63*p**2. Let t(n) = -n - 3. Let s be t(-11). What is m(s)?
30
Let w(l) = -17 - 2*l**2 + 15 + l**2 - 5*l. Suppose -6*z = -5*k - 2*z, 0 = 3*k + 4*z + 32. Give w(k).
2
Let c(x) be the second derivative of -x**3/6 + 2*x**2 - 258*x. Let p(o) = 10. Let m(r) = -5*c(r) + 2*p(r). Determine m(1).
5
Suppose -5*t - 13 = -3. Suppose -3*f + 14 = -f - 3*a, 3*f - 8 = -2*a. Let o(